hat is -30 (base 8) in base 15?
-19
What is 34 (base 7) in base 8?
31
-84 (base 14) to base 11
-a6
Convert 74 (base 16) to base 15.
7b
What is -29 (base 14) in base 13?
-2b
Convert 1022 (base 5) to base 12.
b5
What is 48 (base 13) in base 3?
2020
What is -1 (base 16) in base 4?
-1
-50 (base 13) to base 15
-45
-10 (base 6) to base 14
-6
What is 7c (base 14) in base 3?
11002
Convert 1 (base 8) to base 7.
1
Convert -110 (base 2) to base 4.
-12
Convert 276 (base 9) to base 16.
e7
Convert -1001 (base 3) to base 2.
-11100
What is 201 (base 7) in base 4?
1203
Convert 0 (base 16) to base 10.
0
-111 (base 2) to base 3
-21
-104 (base 7) to base 6
-125
Convert 5 (base 13) to base 8.
5
-3 (base 14) to base 9
-3
-1 (base 12) to base 8
-1
Convert -101101 (base 2) to base 14.
-33
What is 1011 (base 2) in base 14?
b
Convert 10 (base 7) to base 16.
7
What is 117 (base 11) in base 5?
1024
What is 152 (base 8) in base 13?
82
-1a (base 16) to base 12
-22
-1 (base 11) to base 16
-1
What is -6 (base 15) in base 8?
-6
-87 (base 10) to base 9
-106
What is -18 (base 13) in base 15?
-16
Convert -32 (base 7) to base 15.
-18
Convert -2f (base 16) to base 2.
-101111
-1200 (base 3) to base 11
-41
What is 7 (base 8) in base 16?
7
What is -11 (base 4) in base 9?
-5
-3 (base 13) to base 11
-3
1a (base 16) to base 10
26
What is -10000 (base 2) in base 6?
-24
What is 3 (base 12) in base 8?
3
Convert 79 (base 10) to base 3.
2221
What is -24 (base 10) in base 14?
-1a
-32 (base 7) to base 15
-18
Convert d (base 15) to base 6.
21
-11011011 (base 2) to base 4
-3123
-1b (base 13) to base 10
-24
Convert -1010 (base 3) to base 6.
-50
-2a (base 11) to base 2
-100000
What is 5 (base 10) in base 12?
5
Convert 16 (base 9) to base 12.
13
-1101 (base 2) to base 6
-21
110 (base 3) to base 9
13
What is -230 (base 4) in base 15?
-2e
Convert 1b (base 13) to base 14.
1a
Convert -6 (base 16) to base 3.
-20
Convert -1 (base 2) to base 10.
-1
What is -1 (base 5) in base 12?
-1
Convert -1200 (base 3) to base 9.
-50
What is 85 (base 10) in base 3?
10011
What is -2 (base 13) in base 11?
-2
Convert -11111 (base 2) to base 14.
-23
What is 1 (base 3) in base 9?
1
Convert 2 (base 11) to base 2.
10
What is -202 (base 7) in base 10?
-100
-104 (base 11) to base 8
-175
What is 10 (base 3) in base 6?
3
What is 302 (base 4) in base 7?
101
-107 (base 10) to base 15
-72
-19 (base 14) to base 7
-32
26 (base 7) to base 3
202
Convert 11 (base 8) to base 5.
14
Convert 0 (base 14) to base 4.
0
What is 1001 (base 3) in base 7?
40
What is -6 (base 7) in base 6?
-10
Convert -6 (base 15) to base 4.
-12
Convert -b1 (base 15) to base 2.
-10100110
16 (base 10) to base 15
11
-10101010 (base 2) to base 9
-208
Convert 47 (base 10) to base 16.
2f
-2 (base 16) to base 12
-2
-1001 (base 4) to base 10
-65
Convert 11 (base 13) to base 16.
e
-3 (base 9) to base 5
-3
Convert 25 (base 12) to base 9.
32
20112 (base 3) to base 4
2300
What is 20 (base 3) in base 12?
6
What is -1 (base 10) in base 6?
-1
Convert 320 (base 4) to base 15.
3b
What is -161 (base 8) in base 11?
-a3
66 (base 11) to base 3
2200
0 (base 4) to base 9
0
22211 (base 3) to base 6
1034
Convert -305 (base 9) to base 8.
-370
What is 133 (base 9) in base 14?
7d
What is 16 (base 15) in base 12?
19
What is -354 (base 6) in base 13?
-ac
What is -104 (base 10) in base 3?
-10212
2c (base 13) to base 14
2a
What is -5 (base 7) in base 6?
-5
3 (base 14) to base 2
11
Convert 14 (base 15) to base 14.
15
Convert -1 (base 14) to base 12.
-1
1 (base 5) to base 15
1
Convert -2 (base 10) to base 3.
-2
Convert -3 (base 13) to base 5.
-3
What is -324 (base 6) in base 5?
-444
Convert -1001100 (base 2) to base 14.
-56
-200 (base 3) to base 2
-10010
Convert -2 (base 13) to base 16.
-2
What is 5 (base 7) in base 14?
5
What is 22 (base 7) in base 12?
14
2 (base 7) to base 14
2
What is 111 (base 16) in base 7?
540
2 (base 9) to base 13
2
Convert 0 (base 3) to base 14.
0
What is -2 (base 5) in base 6?
-2
Convert 1021 (base 3) to base 5.
114
-7 (base 13) to base 5
-12
0 (base 5) to base 11
0
What is 19 (base 13) in base 15?
17
-38 (base 14) to base 15
-35
-b (base 15) to base 13
-b
Convert 12 (base 7) to base 8.
11
Convert 3 (base 10) to base 2.
11
What is 7 (base 9) in base 10?
7
-bb (base 14) to base 5
-1130
Convert 285 (base 11) to base 14.
19d
What is 96 (base 15) in base 8?
215
Convert 9 (base 12) to base 6.
13
Convert -32 (base 5) to base 6.
-25
100 (base 8) to base 5
224
-4 (base 14) to base 10
-4
What is 2 (base 3) in base 12?
2
-b5 (base 13) to base 14
-a8
What is 41 (base 10) in base 12?
35
What is 0 (base 10) in base 15?
0
Convert 223 (base 4) to base 8.
53
Convert 108 (base 9) to base 5.
324
What is 6 (base 11) in base 9?
6
1 (base 5) to base 10
1
Convert -1 (base 15) to base 14.
-1
-1 (base 10) to base 14
-1
-154 (base 7) to base 15
-5d
-10233 (base 4) to base 5
-2203
Convert -3 (base 8) to base 14.
-3
Convert -3 (base 14) to base 2.
-11
-10 (base 9) to base 12
-9
Convert -5 (base 9) to base 13.
-5
What is -3 (base 15) in base 13?
-3
Convert -73 (base 13) to base 4.
-1132
-202 (base 5) to base 3
-1221
b5 (base 13) to base 3
12111
Convert -5 (base 6) to base 14.
-5
Convert 104 (base 12) to base 14.
a8
Convert -74 (base 10) to base 16.
-4a
What is -30 (base 6) in base 12?
-16
What is 112 (base 3) in base 9?
15
Convert 29 (base 15) to base 12.
33
Convert -1 (base 7) to base 8.
-1
What is 103 (base 5) in base 12?
24
31 (base 16) to base 9
54
220 (base 4) to base 7
55
What is -1220 (base 3) in base 4?
-303
346 (base 7) to base 12
131
3 (base 4) to base 2
11
What is -3 (base 15) in base 10?
-3
120 (base 8) to base 11
73
Convert -5 (base 12) to base 10.
-5
-5 (base 8) to base 15
-5
What is 11 (base 5) in base 2?
110
2 (base 7) to base 9
2
What is -12 (base 10) in base 16?
-c
Convert 148 (base 11) to base 16.
ad
0 (base 3) to base 5
0
What is -1 (base 14) in base 12?
-1
-10 (base 4) to base 14
-4
What is 5 (base 13) in base 6?
5
-1 (base 5) to base 6
-1
What is -2 (base 3) in base 5?
-2
Convert -1102 (base 4) to base 16.
-52
0 (base 14) to base 9
0
116 (base 10) to base 14
84
-172 (base 13) to base 10
-262
What is 8c (base 16) in base 6?
352
Convert 30 (base 7) to base 8.
25
-70 (base 9) to base 7
-120
13 (base 9) to base 11
11
What is -a1 (base 15) in base 9?
-177
What is 6 (base 11) in base 12?
6
What is -2 (base 13) in base 16?
-2
Convert 1 (base 12) to base 15.
1
Convert -8 (base 16) to base 11.
-8
Convert 44 (base 13) to base 15.
3b
Convert -102 (base 7) to base 14.
-39
Convert -3 (base 12) to base 14.
-3
What is -1 (base 7) in base 15?
-1
Convert 1 (base 8) to base 15.
1
Convert 32 (base 7) to base 2.
10111
What is -11 (base 3) in base 2?
-100
Convert 22 (base 4) to base 8.
12
0 (base 2) to base 12
0
-12200 (base 3) to base 8
-231
Convert -1 (base 13) to base 10.
-1
Convert -2e (base 16) to base 8.
-56
Convert -1 (base 15) to base 10.
-1
Convert -3 (base 10) to base 15.
-3
132 (base 7) to base 16
48
Convert 29 (base 10) to base 13.
23
Convert -2 (base 10) to base 8.
-2
-23 (base 11) to base 10
-25
What is 10 (base 2) in base 3?
2
Convert -6 (base 11) to base 5.
-11
Convert 100000 (base 3) to base 10.
243
What is 3 (base 13) in base 10?
3
222 (base 3) to base 7
35
Convert 2 (base 6) to base 5.
2
What is -148 (base 10) in base 9?
-174
320 (base 7) to base 16
a1
What is -11 (base 2) in base 12?
-3
What is 1100000 (base 2) in base 7?
165
-13 (base 8) to base 13
-b
5 (base 13) to base 14
5
Convert -110 (base 3) to base 12.
-10
12 (base 11) to base 14
d
Convert -2e (base 16) to base 14.
-34
What is 73 (base 10) in base 7?
133
What is 2 (base 7) in base 6?
2
What is 0 (base 5) in base 4?
0
What is 3 (base 6) in base 3?
10
What is 1 (base 14) in base 8?
1
What is 3 (base 10) in base 2?
11
-42 (base 11) to base 7
-64
Convert 16 (base 13) to base 9.
21
-12 (base 3) to base 10
-5
-343 (base 7) to base 11
-152
Convert 1034 (base 6) to base 4.
3232
What is -3 (base 16) in base 13?
-3
What is 6a (base 11) in base 6?
204
What is -266 (base 7) in base 6?
-402
What is -3 (base 4) in base 11?
-3
Convert -4 (base 5) to base 12.
-4
What is -16 (base 10) in base 13?
-13
Convert -110 (base 4) to base 12.
-18
Convert 7d (base 16) to base 6.
325
What is -104 (base 6) in base 2?
-101000
Convert 101 (base 2)